vided by 24.
16
What is the remainder when 398 is divided by 11?
2
What is the remainder when 40 is divided by 36?
4
What is the remainder when 6861 is divided by 66?
63
Calculate the remainder when 843 is divided by 53.
48
Calculate the remainder when 277 is divided by 20.
17
What is the remainder when 2214 is divided by 35?
9
What is the remainder when 47 is divided by 8?
7
What is the remainder when 23376 is divided by 35?
31
Calculate the remainder when 1251 is divided by 33.
30
Calculate the remainder when 4519 is divided by 38.
35
Calculate the remainder when 443 is divided by 3.
2
Calculate the remainder when 86 is divided by 23.
17
Calculate the remainder when 8957 is divided by 332.
325
Calculate the remainder when 1957 is divided by 624.
85
Calculate the remainder when 48 is divided by 9.
3
What is the remainder when 637 is divided by 30?
7
Calculate the remainder when 218 is divided by 13.
10
What is the remainder when 40 is divided by 15?
10
What is the remainder when 285 is divided by 36?
33
What is the remainder when 176 is divided by 13?
7
What is the remainder when 12446 is divided by 15?
11
What is the remainder when 2223 is divided by 187?
166
What is the remainder when 126 is divided by 7?
0
Calculate the remainder when 1755 is divided by 127.
104
What is the remainder when 218 is divided by 101?
16
Calculate the remainder when 1782 is divided by 51.
48
What is the remainder when 1825 is divided by 608?
1
Calculate the remainder when 29 is divided by 7.
1
Calculate the remainder when 4172 is divided by 1042.
4
What is the remainder when 59 is divided by 26?
7
What is the remainder when 383 is divided by 29?
6
What is the remainder when 2296 is divided by 92?
88
Calculate the remainder when 511 is divided by 166.
13
Calculate the remainder when 1148 is divided by 122.
50
Calculate the remainder when 3408 is divided by 3407.
1
What is the remainder when 17598 is divided by 220?
218
Calculate the remainder when 3077 is divided by 44.
41
What is the remainder when 1112 is divided by 4?
0
Calculate the remainder when 1251 is divided by 405.
36
What is the remainder when 1922 is divided by 276?
266
Calculate the remainder when 1847 is divided by 14.
13
What is the remainder when 37 is divided by 25?
12
Calculate the remainder when 767 is divided by 70.
67
What is the remainder when 866 is divided by 14?
12
Calculate the remainder when 167 is divided by 30.
17
Calculate the remainder when 2351 is divided by 1170.
11
Calculate the remainder when 788 is divided by 7.
4
What is the remainder when 3073 is divided by 76?
33
What is the remainder when 174 is divided by 15?
9
What is the remainder when 168 is divided by 15?
3
What is the remainder when 198 is divided by 36?
18
Calculate the remainder when 28 is divided by 18.
10
What is the remainder when 217 is divided by 161?
56
Calculate the remainder when 5145 is divided by 2568.
9
Calculate the remainder when 797 is divided by 42.
41
What is the remainder when 977 is divided by 7?
4
What is the remainder when 83 is divided by 28?
27
Calculate the remainder when 793 is divided by 243.
64
Calculate the remainder when 676 is divided by 146.
92
What is the remainder when 864 is divided by 267?
63
What is the remainder when 287 is divided by 100?
87
What is the remainder when 3628 is divided by 19?
18
What is the remainder when 189 is divided by 20?
9
Calculate the remainder when 1968 is divided by 33.
21
Calculate the remainder when 40390 is divided by 374.
372
What is the remainder when 788 is divided by 18?
14
What is the remainder when 44 is divided by 6?
2
What is the remainder when 22582 is divided by 11?
10
Calculate the remainder when 1074 is divided by 75.
24
Calculate the remainder when 2526 is divided by 33.
18
Calculate the remainder when 4891 is divided by 17.
12
What is the remainder when 4018 is divided by 60?
58
What is the remainder when 146 is divided by 40?
26
What is the remainder when 295 is divided by 33?
31
What is the remainder when 1506 is divided by 38?
24
Calculate the remainder when 62 is divided by 39.
23
What is the remainder when 815 is divided by 19?
17
What is the remainder when 291 is divided by 99?
93
Calculate the remainder when 97 is divided by 22.
9
Calculate the remainder when 712 is divided by 14.
12
Calculate the remainder when 259 is divided by 9.
7
What is the remainder when 17851 is divided by 93?
88
What is the remainder when 1881 is divided by 65?
61
Calculate the remainder when 15002 is divided by 121.
119
What is the remainder when 129 is divided by 93?
36
Calculate the remainder when 235 is divided by 122.
113
What is the remainder when 325 is divided by 128?
69
What is the remainder when 1672 is divided by 62?
60
What is the remainder when 757 is divided by 72?
37
What is the remainder when 255 is divided by 24?
15
Calculate the remainder when 60 is divided by 11.
5
Calculate the remainder when 39982 is divided by 21.
19
Calculate the remainder when 66 is divided by 3.
0
What is the remainder when 118 is divided by 25?
18
What is the remainder when 269 is divided by 18?
17
Calculate the remainder when 411 is divided by 134.
9
Calculate the remainder when 4533 is divided by 2257.
19
Calculate the remainder when 1272 is divided by 421.
9
What is the remainder when 172 is divided by 61?
50
What is the remainder when 138 is divided by 18?
12
What is the remainder when 414 is divided by 39?
24
What is the remainder when 271 is divided by 70?
61
Calculate the remainder when 32603 is divided by 137.
134
Calculate the remainder when 92 is divided by 48.
44
Calculate the remainder when 405 is divided by 109.
78
Calculate the remainder when 3641 is divided by 47.
22
Calculate the remainder when 29138 is divided by 181.
178
What is the remainder when 38 is divided by 16?
6
What is the remainder when 109 is divided by 11?
10
Calculate the remainder when 5307 is divided by 883.
9
What is the remainder when 175 is divided by 48?
31
What is the remainder when 14 is divided by 3?
2
Calculate the remainder when 695 is divided by 22.
13
Calculate the remainder when 13 is divided by 13.
0
What is the remainder when 941 is divided by 23?
21
Calculate the remainder when 582 is divided by 112.
22
What is the remainder when 3016 is divided by 21?
13
Calculate the remainder when 984 is divided by 38.
34
Calculate the remainder when 182 is divided by 9.
2
Calculate the remainder when 297 is divided by 100.
97
Calculate the remainder when 3880 is divided by 260.
240
What is the remainder when 486 is divided by 14?
10
What is the remainder when 60 is divided by 21?
18
What is the remainder when 227 is divided by 75?
2
Calculate the remainder when 603 is divided by 13.
5
Calculate the remainder when 32 is divided by 18.
14
What is the remainder when 165 is divided by 14?
11
What is the remainder when 185 is divided by 21?
17
Calculate the remainder when 15651 is divided by 19.
14
Calculate the remainder when 2535 is divided by 282.
279
Calculate the remainder when 58 is divided by 20.
18
What is the remainder when 33 is divided by 26?
7
Calculate the remainder when 310 is divided by 104.
102
What is the remainder when 693 is divided by 73?
36
Calculate the remainder when 894 is divided by 47.
1
Calculate the remainder when 601 is divided by 14.
13
Calculate the remainder when 315 is divided by 40.
35
What is the remainder when 6151 is divided by 47?
41
Calculate the remainder when 557 is divided by 53.
27
Calculate the remainder when 374 is divided by 49.
31
Calculate the remainder when 1241 is divided by 29.
23
Calculate the remainder when 416 is divided by 17.
8
What is the remainder when 732 is divided by 23?
19
What is the remainder when 286 is divided by 11?
0
What is the remainder when 672 is divided by 25?
22
Calculate the remainder when 1280 is divided by 7.
6
Calculate the remainder when 19558 is divided by 24.
22
Calculate the remainder when 269 is divided by 66.
5
Calculate the remainder when 510 is divided by 170.
0
What is the remainder when 551 is divided by 477?
74
What is the remainder when 242 is divided by 13?
8
What is the remainder when 693 is divided by 36?
9
What is the remainder when 7676 is divided by 9?
8
What is the remainder when 1050 